1525?
2
What is the tens digit of 187616?
1
What is the ten thousands digit of 10562171?
6
What is the hundreds digit of 7168145?
1
What is the ten thousands digit of 25110?
2
What is the ten thousands digit of 1301915?
0
What is the ten thousands digit of 2705757?
0
What is the ten thousands digit of 1913007?
1
What is the hundreds digit of 9996094?
0
What is the ten thousands digit of 857364?
5
What is the tens digit of 2321401?
0
What is the millions digit of 9593103?
9
What is the units digit of 291416?
6
What is the tens digit of 2303201?
0
What is the millions digit of 5588402?
5
What is the tens digit of 235609?
0
What is the tens digit of 535945?
4
What is the hundred thousands digit of 640849?
6
What is the hundred thousands digit of 236797?
2
What is the hundreds digit of 4275498?
4
What is the ten thousands digit of 10705195?
0
What is the millions digit of 9232700?
9
What is the hundred thousands digit of 786980?
7
What is the tens digit of 11597742?
4
What is the thousands digit of 9544818?
4
What is the units digit of 14625261?
1
What is the thousands digit of 1236448?
6
What is the thousands digit of 4090484?
0
What is the tens digit of 193459?
5
What is the millions digit of 1556828?
1
What is the units digit of 7398712?
2
What is the hundreds digit of 29882669?
6
What is the units digit of 5947952?
2
What is the units digit of 6187437?
7
What is the ten millions digit of 15383703?
1
What is the tens digit of 488039?
3
What is the thousands digit of 3714113?
4
What is the ten thousands digit of 22910999?
1
What is the millions digit of 1832085?
1
What is the hundreds digit of 233868?
8
What is the thousands digit of 4135484?
5
What is the units digit of 1586460?
0
What is the tens digit of 68414?
1
What is the tens digit of 11483113?
1
What is the tens digit of 514025?
2
What is the thousands digit of 2205942?
5
What is the ten thousands digit of 1357485?
5
What is the hundred thousands digit of 25541174?
5
What is the tens digit of 13699733?
3
What is the hundreds digit of 155770?
7
What is the units digit of 200753?
3
What is the thousands digit of 4552600?
2
What is the hundreds digit of 3479358?
3
What is the hundreds digit of 10192601?
6
What is the hundred thousands digit of 748995?
7
What is the thousands digit of 83379?
3
What is the thousands digit of 273648?
3
What is the thousands digit of 4021793?
1
What is the hundreds digit of 245376?
3
What is the ten thousands digit of 1813827?
1
What is the units digit of 1463352?
2
What is the units digit of 3160402?
2
What is the tens digit of 3429659?
5
What is the ten thousands digit of 868712?
6
What is the thousands digit of 7974742?
4
What is the ten thousands digit of 1437799?
3
What is the thousands digit of 774734?
4
What is the units digit of 1271696?
6
What is the units digit of 8457?
7
What is the hundred thousands digit of 379443?
3
What is the tens digit of 4179491?
9
What is the units digit of 6743?
3
What is the thousands digit of 3632918?
2
What is the ten thousands digit of 1988217?
8
What is the millions digit of 20310707?
0
What is the hundreds digit of 8345201?
2
What is the units digit of 266956?
6
What is the ten thousands digit of 2906805?
0
What is the hundreds digit of 2769105?
1
What is the hundreds digit of 4592780?
7
What is the millions digit of 1904106?
1
What is the units digit of 280048?
8
What is the tens digit of 425393?
9
What is the units digit of 2507064?
4
What is the hundred thousands digit of 1595784?
5
What is the units digit of 2454548?
8
What is the hundreds digit of 490906?
9
What is the hundreds digit of 3486503?
5
What is the units digit of 225723?
3
What is the ten thousands digit of 207603?
0
What is the millions digit of 4299722?
4
What is the hundred thousands digit of 1469613?
4
What is the hundred thousands digit of 5163954?
1
What is the units digit of 7265946?
6
What is the units digit of 327487?
7
What is the ten thousands digit of 1719252?
1
What is the millions digit of 9208518?
9
What is the hundreds digit of 21972387?
3
What is the hundred thousands digit of 14736743?
7
What is the hundred thousands digit of 116589?
1
What is the hundreds digit of 287491?
4
What is the millions digit of 1020143?
1
What is the hundred thousands digit of 3562112?
5
What is the hundreds digit of 312806?
8
What is the thousands digit of 20735746?
5
What is the tens digit of 5773210?
1
What is the tens digit of 5222046?
4
What is the units digit of 114104?
4
What is the tens digit of 7603531?
3
What is the ten thousands digit of 1080061?
8
What is the hundred thousands digit of 423919?
4
What is the thousands digit of 15617479?
7
What is the tens digit of 12096604?
0
What is the tens digit of 4400524?
2
What is the thousands digit of 63477?
3
What is the tens digit of 468154?
5
What is the units digit of 7514883?
3
What is the ten thousands digit of 3635611?
3
What is the units digit of 11476891?
1
What is the hundreds digit of 1408?
4
What is the units digit of 3791171?
1
What is the ten thousands digit of 2481708?
8
What is the units digit of 389337?
7
What is the ten thousands digit of 331849?
3
What is the tens digit of 319620?
2
What is the hundreds digit of 2114?
1
What is the tens digit of 8116184?
8
What is the hundreds digit of 277035?
0
What is the hundred thousands digit of 494608?
4
What is the tens digit of 1969087?
8
What is the units digit of 3341755?
5
What is the units digit of 1832988?
8
What is the hundreds digit of 845235?
2
What is the ten thousands digit of 6429085?
2
What is the tens digit of 5210845?
4
What is the ten thousands digit of 316121?
1
What is the thousands digit of 2083727?
3
What is the ten thousands digit of 2426167?
2
What is the hundred thousands digit of 169500?
1
What is the units digit of 1926642?
2
What is the hundred thousands digit of 715097?
7
What is the ten thousands digit of 738725?
3
What is the tens digit of 338566?
6
What is the thousands digit of 831765?
1
What is the hundred thousands digit of 486036?
4
What is the hundreds digit of 13148761?
7
What is the hundred thousands digit of 3442567?
4
What is the hundred thousands digit of 287149?
2
What is the units digit of 37219478?
8
What is the hundreds digit of 3665875?
8
What is the thousands digit of 3325719?
5
What is the thousands digit of 8010628?
0
What is the tens digit of 1424923?
2
What is the units digit of 16235?
5
What is the ten thousands digit of 2616466?
1
What is the ten thousands digit of 459954?
5
What is the hundreds digit of 296869?
8
What is the thousands digit of 4545095?
5
What is the hundred thousands digit of 1669307?
6
What is the thousands digit of 9814299?
4
What is the hundred thousands digit of 812692?
8
What is the thousands digit of 182708?
2
What is the units digit of 145179?
9
What is the ten thousands digit of 418012?
1
What is the units digit of 2665944?
4
What is the thousands digit of 23347826?
7
What is the thousands digit of 326496?
6
What is the hundred thousands digit of 10750045?
7
What is the tens digit of 233963?
6
What is the tens digit of 573140?
4
What is the tens digit of 273728?
2
What is the units digit of 4635?
5
What is the ten thousands digit of 37661752?
6
What is the ten thousands digit of 13382004?
8
What is the units digit of 4052?
2
What is the hundreds digit of 106102?
1
What is the units digit of 175343?
3
What is the hundred thousands digit of 295751?
2
What is the units digit of 1852664?
4
What is the millions digit of 1230353?
1
What is the hundreds digit of 30367?
3
What is the hundred thousands digit of 4732907?
7
What is the hundred thousands digit of 9264189?
2
What is the hundred thousands digit of 3938462?
9
What is the hundreds digit of 2404003?
0
What is the thousands digit of 294160?
4
What is the thousands digit of 145138?
5
What is the tens digit of 3008023?
2
What is the hundreds digit of 2511419?
4
What is the ten thousands digit of 59580?
5
What is the hundred thousands digit of 3421884?
4
What is the hundreds digit of 21149903?
9
What is the hundred thousands digit of 2042244?
0
What is the ten millions digit of 13515435?
1
What is the millions digit of 1644102?
1
What is the thousands digit of 349737?
9
What is the millions digit of 1560456?
1
What is th